{"id":17300,"date":"2026-04-18T23:59:58","date_gmt":"2026-04-18T21:59:58","guid":{"rendered":"http:\/\/www.stadtgelueste.de\/?page_id=17300"},"modified":"2026-04-18T15:00:16","modified_gmt":"2026-04-18T13:00:16","slug":"deutsche-jasmin-in-buxtehude","status":"publish","type":"page","link":"https:\/\/www.stadtgelueste.de\/?page_id=17300","title":{"rendered":"Deutsche Jasmin in Neu Wulmstorf"},"content":{"rendered":"<p>[et_pb_section fb_built=&#8221;1&#8243; _builder_version=&#8221;3.22.5&#8243; background_color=&#8221;rgba(0,0,0,0)&#8221; min_height=&#8221;204px&#8221; custom_padding=&#8221;0px||0px||true|&#8221;][\/et_pb_section][et_pb_section fb_built=&#8221;1&#8243; _builder_version=&#8221;3.22.5&#8243; background_color=&#8221;rgba(0,0,0,0)&#8221; custom_padding=&#8221;2px|||||&#8221;][et_pb_row _builder_version=&#8221;3.22.5&#8243;][et_pb_column type=&#8221;4_4&#8243; _builder_version=&#8221;3.22.5&#8243;][et_pb_post_title meta=&#8221;off&#8221; featured_image=&#8221;off&#8221; _builder_version=&#8221;3.22.5&#8243; title_font=&#8221;||||||||&#8221; border_color_all=&#8221;#f200da&#8221; text_orientation=&#8221;center&#8221; text_shadow_style=&#8221;preset1&#8243;][\/et_pb_post_title][et_pb_button button_url=&#8221;#Bilder&#8221; button_text=&#8221;Zu den Bildern&#8221; button_alignment=&#8221;center&#8221; _builder_version=&#8221;3.22.5&#8243; custom_button=&#8221;on&#8221; button_text_size=&#8221;15px&#8221; button_text_color=&#8221;#f500f9&#8243; button_bg_color=&#8221;#c9c9c9&#8243; button_font=&#8221;||||||||&#8221; button_icon=&#8221;%%18%%&#8221;][\/et_pb_button][et_pb_divider color=&#8221;#f400f0&#8243; _builder_version=&#8221;3.22.5&#8243;][\/et_pb_divider][et_pb_text _builder_version=&#8221;3.22.5&#8243; text_font=&#8221;||||||||&#8221; text_font_size=&#8221;1px&#8221; background_color=&#8221;rgba(0,0,0,0)&#8221;]<\/p>\n<h4 style=\"text-align: center;\"><strong>Deutsche Skinny Porno Barbie erf\u00fcllt dir deine versauten Phantasien<\/strong><\/h4>\n<h5>Hi, ich bin JASMIN,<\/h5>\n<h5>eine junge Deutsche (29plus), mit einer freundlichen und sexy Ausstrahlung , mit wundersch\u00f6nen Br\u00fcsten und langen blonden, sehr langen und glatten Haaren!<br \/>\nIch liebe Sex in allen Variationen. Mit dir m\u00f6chte ich, das wir unsere Tr\u00e4ume und Phantasien ausleben. Meine Zunge ist sehr talentiert, dabei nehme ich ihn sehr tief und nass und ich bringe dich dabei zum H\u00f6hepunkt.<\/h5>\n<h5>Ich Liebe es, wenn du mit deiner Zunge meine Pussy verw\u00f6hnst, bis ich explodiere, denn ich bekomme einen richtig geilen Orgasmus und Squirte Dabei in dein Mund! Denn man nennt mich auch die Hamburger Squirting-Queen! Handiobs beherrsche ich auch in Hand umdrehen, wenn du verstehst was ich meine.<br \/>\nWenn du es liebst, in einem Spitzenservice verw\u00f6hnt zu werden, bist du bei mir genau richtig! Ich erwarte dich in heissen Dessous in einer sch\u00f6nen privaten Atmosph\u00e4re.<\/h5>\n<h5>Ich schw\u00f6re dir, ich behandle dich wie eine Freundin,nur viel Geiler!<\/h5>\n<h5>Bin auch gerne f\u00fcr l\u00e4ngere Partys zu haben&#8230;. und vorallem sind \u00e4ltere Herren bei mir herzlich willkommen.<br \/>\nworauf wartest du noch? Bin voller Vorfreude ???<\/h5>\n<h4><strong><span style=\"color: #000000;\"><span style=\"caret-color: #000000;\">Besuche mich in:<\/span><\/span><\/strong><\/h4>\n<h4><span style=\"color: #000000;\"><strong>Neu Wulmstorf, Lessingstr. 65, klingel bei Jasmin<\/strong><\/span><\/h4>\n<h4><strong><span style=\"color: #000000;\"><span style=\"caret-color: #000000;\">Tel:&nbsp;<b>0176-36 21 46 25<\/b><\/span><\/span><\/strong><\/h4>\n<h5><\/h5>\n<h5><span style=\"color: #000000;\"><em>Ich bin zu folgenden Zeiten f\u00fcr Dich da:<\/em><\/span><\/h5>\n<h5>Sonntag: 17 Uhr bis 23 Uhr<br \/>\nMontag bis Freitag: 10 Uhr bis 23 Uhr<br \/>\nSamstag: 10 Uhr bis 14 Uhr<br \/>\nHinweis: Nur mit Termin<\/h5>\n<h5><span style=\"color: #000000;\"><em>Vormittags Termine am besten am Vorabend vereinbaren!\ud83d\udc95\ud83d\udc95\ud83d\udc95<\/em><\/span><\/h5>\n<h5><em>Bin voller Vorfreude! ( Bitte ausschliesslich mit Nummer anrufen!).<\/em><\/h5>\n<h5><\/h5>\n<p><strong>&nbsp;<\/strong><\/p>\n<h5><strong><span style=\"color: #ff00ff;\"><span style=\"caret-color: #000000;\">\u00dcber mich: <\/span><\/span><\/strong><\/h5>\n<h5><strong><span style=\"color: #000000;\"><span style=\"caret-color: #000000;\">Alter 29 plus, Gr\u00f6sse: 1.73 m , skinny, BH: 80 DD,<br \/>\nHaare: blond, sehr lang und glatt, intim: rasiert<br \/>\nK\u00f6rperschmuck: Tattoos und Piercings<br \/>\nNationalit\u00e4t: deutsch, Sprachen: Deutsch und Englisch<\/span><\/span><\/strong><\/h5>\n<h5><strong><span style=\"color: #ff00ff;\"><span style=\"caret-color: #000000;\">Mein Service beinhaltet: <\/span><\/span><\/strong><\/h5>\n<h5><strong><span style=\"color: #000000;\"><span style=\"caret-color: #000000;\">Intensive Zungenk\u00fcsse, franz\u00f6sisch Deepthraot, Lecken, Squirting, Massage, 69, Spanischer Tittenfick, Girl Friend Sex, Doggy, Reiten L\u00f6ffelchen, Facesitting, NS (bei dir) , K\u00f6rperbesamung, Eier lecken, leicht bizarre Spiele mit Anspucken etc, Dirty Talk, Rollenspiele, versauter Handjob und nat\u00fcrlich Schmusen mit G\u00e4nsehaut Momenten \ud83d\udc9e\ud83d\udc9e\ud83d\udc9e<\/span><\/span><\/strong><\/h5>\n<h5><strong><span style=\"color: #000000;\"><span style=\"caret-color: #000000;\"> *Ausserdem habe ich f\u00fcr die Herren, die bizarr und dominant m\u00f6gen:<br \/>\nHandschellen, Gesichtsmaske, Mundknebel, Halsband, Leine, Handschellen, Nippelklammer sowie Nippelknipser,Pussy und Nippelvibratoren, Peitsche, Kitzelfeder, diverse Penis Ringe oder Anal Plugs , Schlagstock, Bandage Seile und die Fickmaschine XXL mit allen Dildo Gr\u00f6ssen und Arten zum ausprobieren!*<br \/>\nZus\u00e4tzlich \u00fcberrasche ich dich mit jeder Menge neuer versauten Outfits<\/span><\/span><\/strong><\/h5>\n<p><span style=\"color: #000000;\">&nbsp;<\/span><span style=\"color: #000000;\">&nbsp;<\/span><\/p>\n<p><span style=\"font-size: 13px; color: #000000;\">Sag mir doch bitte, dass Du mich auf <b><u>stadtgelueste<\/u><\/b><u>.<b>de<\/b><\/u> gefunden hast, die mit der<b> <\/b><u><b>gelben Seite<\/b><\/u>. Danke!<\/span><\/p>\n<p>[\/et_pb_text][\/et_pb_column][\/et_pb_row][et_pb_row _builder_version=&#8221;3.22.5&#8243;][et_pb_column type=&#8221;4_4&#8243; _builder_version=&#8221;3.22.5&#8243;][et_pb_divider color=&#8221;#f400f0&#8243; module_id=&#8221;Bilder&#8221; _builder_version=&#8221;3.22.5&#8243;][\/et_pb_divider][dsm_perspective_image src=&#8221;http:\/\/www.stadtgelueste.de\/wp-content\/uploads\/2025\/08\/Jasmin-neu-neu8e4b8c21-af79-429a-9c5c-fd1bd05c2748.jpg&#8221; align=&#8221;center&#8221; _builder_version=&#8221;3.22.5&#8243; max_width=&#8221;35%&#8221; max_width_phone=&#8221;100%&#8221; max_width_last_edited=&#8221;on|phone&#8221;][\/dsm_perspective_image][dsm_perspective_image src=&#8221;http:\/\/www.stadtgelueste.de\/wp-content\/uploads\/2025\/08\/Jasmin-neu2c45a4d1-3efd-4861-acbe-eaa406a2635d.jpg&#8221; align=&#8221;center&#8221; _builder_version=&#8221;3.22.5&#8243; max_width=&#8221;55%&#8221; max_width_phone=&#8221;100%&#8221; max_width_last_edited=&#8221;on|phone&#8221;][\/dsm_perspective_image][dsm_perspective_image src=&#8221;http:\/\/www.stadtgelueste.de\/wp-content\/uploads\/2025\/08\/Jasmin-neu-neuea0e1be8-a2f2-4049-a36e-2ae6f0c6387e.jpg&#8221; align=&#8221;center&#8221; _builder_version=&#8221;3.22.5&#8243; max_width=&#8221;35%&#8221; max_width_phone=&#8221;100%&#8221; max_width_last_edited=&#8221;on|phone&#8221;][\/dsm_perspective_image][dsm_perspective_image src=&#8221;http:\/\/www.stadtgelueste.de\/wp-content\/uploads\/2025\/08\/Jasmin-neu-neu58b539ae-99f9-4d11-b2f5-2e1091713fa6.jpg&#8221; align=&#8221;center&#8221; _builder_version=&#8221;3.22.5&#8243; max_width=&#8221;35%&#8221; max_width_phone=&#8221;100%&#8221; max_width_last_edited=&#8221;on|phone&#8221;][\/dsm_perspective_image][dsm_perspective_image src=&#8221;http:\/\/www.stadtgelueste.de\/wp-content\/uploads\/2025\/08\/Jasmin-neuc25f46b1-1155-48d3-bb5d-f89275e08c38.jpg&#8221; align=&#8221;center&#8221; _builder_version=&#8221;3.22.5&#8243; max_width=&#8221;35%&#8221; max_width_phone=&#8221;100%&#8221; max_width_last_edited=&#8221;on|phone&#8221;][\/dsm_perspective_image][dsm_perspective_image src=&#8221;http:\/\/www.stadtgelueste.de\/wp-content\/uploads\/2025\/08\/Jasmin-neue0f3ba37-43b9-4892-8c8d-261db9d54d55.jpg&#8221; align=&#8221;center&#8221; _builder_version=&#8221;3.22.5&#8243; max_width=&#8221;35%&#8221; max_width_phone=&#8221;100%&#8221; max_width_last_edited=&#8221;on|phone&#8221;][\/dsm_perspective_image][dsm_perspective_image src=&#8221;http:\/\/www.stadtgelueste.de\/wp-content\/uploads\/2025\/08\/Jasmin-neu-neu6a441a18-aa70-44a9-8017-1ee2e284f8d2.jpg&#8221; align=&#8221;center&#8221; _builder_version=&#8221;3.22.5&#8243; max_width=&#8221;35%&#8221; max_width_phone=&#8221;100%&#8221; max_width_last_edited=&#8221;on|phone&#8221;][\/dsm_perspective_image][dsm_perspective_image src=&#8221;http:\/\/www.stadtgelueste.de\/wp-content\/uploads\/2025\/08\/Jasmin-neu-neu25245ce6-37d4-43ef-bc24-a9d8f909fc62.jpg&#8221; align=&#8221;center&#8221; _builder_version=&#8221;3.22.5&#8243; max_width=&#8221;35%&#8221; max_width_phone=&#8221;100%&#8221; max_width_last_edited=&#8221;on|phone&#8221;][\/dsm_perspective_image][dsm_perspective_image src=&#8221;http:\/\/www.stadtgelueste.de\/wp-content\/uploads\/2025\/08\/Jasmin-neu1bca8c12-5806-4e83-963f-abf970ce1bef.jpg&#8221; align=&#8221;center&#8221; _builder_version=&#8221;3.22.5&#8243; max_width=&#8221;55%&#8221; max_width_phone=&#8221;100%&#8221; max_width_last_edited=&#8221;on|phone&#8221;][\/dsm_perspective_image][dsm_perspective_image src=&#8221;http:\/\/www.stadtgelueste.de\/wp-content\/uploads\/2025\/11\/dt-Jasmin.jpg&#8221; align=&#8221;center&#8221; _builder_version=&#8221;3.22.5&#8243; max_width=&#8221;35%&#8221; max_width_phone=&#8221;100%&#8221; max_width_last_edited=&#8221;on|phone&#8221;][\/dsm_perspective_image][\/et_pb_column][\/et_pb_row][\/et_pb_section][et_pb_section fb_built=&#8221;1&#8243; _builder_version=&#8221;3.22.5&#8243; background_color=&#8221;rgba(0,0,0,0)&#8221;][\/et_pb_section]<\/p>\n","protected":false},"excerpt":{"rendered":"<p>[et_pb_section fb_built=&#8221;1&#8243; _builder_version=&#8221;3.22.5&#8243; background_color=&#8221;rgba(0,0,0,0)&#8221; min_height=&#8221;204px&#8221; custom_padding=&#8221;0px||0px||true|&#8221;][\/et_pb_section][et_pb_section fb_built=&#8221;1&#8243; _builder_version=&#8221;3.22.5&#8243; background_color=&#8221;rgba(0,0,0,0)&#8221; custom_padding=&#8221;2px|||||&#8221;][et_pb_row _builder_version=&#8221;3.22.5&#8243;][et_pb_column type=&#8221;4_4&#8243; _builder_version=&#8221;3.22.5&#8243;][et_pb_post_title meta=&#8221;off&#8221; featured_image=&#8221;off&#8221; _builder_version=&#8221;3.22.5&#8243; title_font=&#8221;||||||||&#8221; border_color_all=&#8221;#f200da&#8221; text_orientation=&#8221;center&#8221; text_shadow_style=&#8221;preset1&#8243;][\/et_pb_post_title][et_pb_button button_url=&#8221;#Bilder&#8221; button_text=&#8221;Zu den Bildern&#8221; button_alignment=&#8221;center&#8221; _builder_version=&#8221;3.22.5&#8243; custom_button=&#8221;on&#8221; button_text_size=&#8221;15px&#8221; button_text_color=&#8221;#f500f9&#8243; button_bg_color=&#8221;#c9c9c9&#8243; button_font=&#8221;||||||||&#8221; button_icon=&#8221;%%18%%&#8221;][\/et_pb_button][et_pb_divider color=&#8221;#f400f0&#8243; _builder_version=&#8221;3.22.5&#8243;][\/et_pb_divider][et_pb_text _builder_version=&#8221;3.22.5&#8243; text_font=&#8221;||||||||&#8221; text_font_size=&#8221;1px&#8221; background_color=&#8221;rgba(0,0,0,0)&#8221;] Deutsche Skinny Porno Barbie erf\u00fcllt dir deine versauten Phantasien Hi, ich bin JASMIN, eine junge Deutsche (29plus), [&hellip;]<\/p>\n","protected":false},"author":1,"featured_media":29257,"parent":191,"menu_order":300,"comment_status":"closed","ping_status":"closed","template":"","meta":{"_et_pb_use_builder":"on","_et_pb_old_content":""},"yoast_head":"<!-- This site is optimized with the Yoast SEO plugin v14.9 - https:\/\/yoast.com\/wordpress\/plugins\/seo\/ -->\n<title>Stadtgelueste.de - Sex, ficken Deutsche Jasmin in Neu Wulmstorf<\/title>\n<meta name=\"description\" content=\"Deutsche Jasmin in Neu Wulmstorf - Begleitservice, ficken in stade, huren, nutten, sexdates, stadtgel\u00fcste, nutten in buxtehude, ficken in Harburg, nutten in harburg.\" \/>\n<meta name=\"robots\" content=\"index, follow, max-snippet:-1, max-image-preview:large, max-video-preview:-1\" \/>\n<link rel=\"canonical\" href=\"https:\/\/www.stadtgelueste.de\/?page_id=17300\" \/>\n<meta property=\"og:locale\" content=\"de_DE\" \/>\n<meta property=\"og:type\" content=\"article\" \/>\n<meta property=\"og:title\" content=\"Stadtgelueste.de - Sex, ficken Deutsche Jasmin in Neu Wulmstorf\" \/>\n<meta property=\"og:description\" content=\"Deutsche Jasmin in Neu Wulmstorf - Begleitservice, ficken in stade, huren, nutten, sexdates, stadtgel\u00fcste, nutten in buxtehude, ficken in Harburg, nutten in harburg.\" \/>\n<meta property=\"og:url\" content=\"https:\/\/www.stadtgelueste.de\/?page_id=17300\" \/>\n<meta property=\"og:site_name\" content=\"Stadtgelueste.de\" \/>\n<meta property=\"article:modified_time\" content=\"2026-04-18T13:00:16+00:00\" \/>\n<meta property=\"og:image\" content=\"https:\/\/www.stadtgelueste.de\/wp-content\/uploads\/2025\/08\/Jasmin-neu2c45a4d1-3efd-4861-acbe-eaa406a2635d.jpg\" \/>\n\t<meta property=\"og:image:width\" content=\"921\" \/>\n\t<meta property=\"og:image:height\" content=\"596\" \/>\n<meta name=\"twitter:card\" content=\"summary_large_image\" \/>\n<script type=\"application\/ld+json\" class=\"yoast-schema-graph\">{\"@context\":\"https:\/\/schema.org\",\"@graph\":[{\"@type\":\"Organization\",\"@id\":\"https:\/\/www.stadtgelueste.de\/#organization\",\"name\":\"Stadtgelueste.de\",\"url\":\"https:\/\/www.stadtgelueste.de\/\",\"sameAs\":[],\"logo\":{\"@type\":\"ImageObject\",\"@id\":\"https:\/\/www.stadtgelueste.de\/#logo\",\"inLanguage\":\"de-DE\",\"url\":\"https:\/\/www.stadtgelueste.de\/wp-content\/uploads\/2020\/09\/logoneuschwarz.png\",\"width\":960,\"height\":560,\"caption\":\"Stadtgelueste.de\"},\"image\":{\"@id\":\"https:\/\/www.stadtgelueste.de\/#logo\"}},{\"@type\":\"WebSite\",\"@id\":\"https:\/\/www.stadtgelueste.de\/#website\",\"url\":\"https:\/\/www.stadtgelueste.de\/\",\"name\":\"Stadtgelueste.de\",\"description\":\"\",\"publisher\":{\"@id\":\"https:\/\/www.stadtgelueste.de\/#organization\"},\"potentialAction\":[{\"@type\":\"SearchAction\",\"target\":\"https:\/\/www.stadtgelueste.de\/?s={search_term_string}\",\"query-input\":\"required name=search_term_string\"}],\"inLanguage\":\"de-DE\"},{\"@type\":\"ImageObject\",\"@id\":\"https:\/\/www.stadtgelueste.de\/?page_id=17300#primaryimage\",\"inLanguage\":\"de-DE\",\"url\":\"https:\/\/www.stadtgelueste.de\/wp-content\/uploads\/2025\/08\/Jasmin-neu2c45a4d1-3efd-4861-acbe-eaa406a2635d.jpg\",\"width\":921,\"height\":596},{\"@type\":\"WebPage\",\"@id\":\"https:\/\/www.stadtgelueste.de\/?page_id=17300#webpage\",\"url\":\"https:\/\/www.stadtgelueste.de\/?page_id=17300\",\"name\":\"Stadtgelueste.de - Sex, ficken Deutsche Jasmin in Neu Wulmstorf\",\"isPartOf\":{\"@id\":\"https:\/\/www.stadtgelueste.de\/#website\"},\"primaryImageOfPage\":{\"@id\":\"https:\/\/www.stadtgelueste.de\/?page_id=17300#primaryimage\"},\"datePublished\":\"2026-04-18T21:59:58+00:00\",\"dateModified\":\"2026-04-18T13:00:16+00:00\",\"description\":\"Deutsche Jasmin in Neu Wulmstorf - Begleitservice, ficken in stade, huren, nutten, sexdates, stadtgel\\u00fcste, nutten in buxtehude, ficken in Harburg, nutten in harburg.\",\"inLanguage\":\"de-DE\",\"potentialAction\":[{\"@type\":\"ReadAction\",\"target\":[\"https:\/\/www.stadtgelueste.de\/?page_id=17300\"]}]}]}<\/script>\n<!-- \/ Yoast SEO plugin. -->","_links":{"self":[{"href":"https:\/\/www.stadtgelueste.de\/index.php?rest_route=\/wp\/v2\/pages\/17300"}],"collection":[{"href":"https:\/\/www.stadtgelueste.de\/index.php?rest_route=\/wp\/v2\/pages"}],"about":[{"href":"https:\/\/www.stadtgelueste.de\/index.php?rest_route=\/wp\/v2\/types\/page"}],"author":[{"embeddable":true,"href":"https:\/\/www.stadtgelueste.de\/index.php?rest_route=\/wp\/v2\/users\/1"}],"replies":[{"embeddable":true,"href":"https:\/\/www.stadtgelueste.de\/index.php?rest_route=%2Fwp%2Fv2%2Fcomments&post=17300"}],"version-history":[{"count":49,"href":"https:\/\/www.stadtgelueste.de\/index.php?rest_route=\/wp\/v2\/pages\/17300\/revisions"}],"predecessor-version":[{"id":33395,"href":"https:\/\/www.stadtgelueste.de\/index.php?rest_route=\/wp\/v2\/pages\/17300\/revisions\/33395"}],"up":[{"embeddable":true,"href":"https:\/\/www.stadtgelueste.de\/index.php?rest_route=\/wp\/v2\/pages\/191"}],"wp:featuredmedia":[{"embeddable":true,"href":"https:\/\/www.stadtgelueste.de\/index.php?rest_route=\/wp\/v2\/media\/29257"}],"wp:attachment":[{"href":"https:\/\/www.stadtgelueste.de\/index.php?rest_route=%2Fwp%2Fv2%2Fmedia&parent=17300"}],"curies":[{"name":"wp","href":"https:\/\/api.w.org\/{rel}","templated":true}]}}